 greatest common factor of 754 and 88816?
26
What is the greatest common divisor of 472843 and 868?
217
Calculate the highest common factor of 213598 and 3344.
418
Calculate the greatest common divisor of 27 and 36657.
9
What is the highest common divisor of 1105 and 129540?
85
Calculate the greatest common divisor of 3505 and 783017.
701
What is the highest common factor of 2176 and 4080?
272
What is the greatest common factor of 20711908 and 28?
28
Calculate the highest common factor of 15540 and 3395.
35
What is the greatest common divisor of 3195 and 666477?
639
Calculate the greatest common factor of 326 and 262.
2
Calculate the highest common factor of 168012 and 10530.
234
What is the highest common factor of 40985 and 105?
35
Calculate the greatest common factor of 49438 and 114.
38
Calculate the greatest common factor of 1105148 and 66.
22
Calculate the greatest common factor of 232 and 9638904.
232
What is the greatest common factor of 110 and 382745?
55
What is the greatest common factor of 8 and 6320?
8
Calculate the greatest common factor of 48 and 248604.
12
What is the greatest common divisor of 38 and 3538902?
38
What is the greatest common divisor of 12 and 6036?
12
Calculate the greatest common factor of 180 and 8082.
18
What is the greatest common divisor of 264 and 4514796?
132
What is the greatest common factor of 343 and 1113?
7
Calculate the greatest common factor of 83942 and 376.
94
Calculate the greatest common divisor of 680 and 66140.
20
Calculate the greatest common divisor of 1931373 and 3816.
477
Calculate the highest common divisor of 16685 and 705.
235
What is the highest common factor of 186 and 3354?
6
Calculate the highest common factor of 136577 and 1526.
763
What is the highest common divisor of 3810 and 30?
30
Calculate the greatest common factor of 1135168 and 256.
64
Calculate the greatest common factor of 59 and 3339459.
59
What is the highest common divisor of 3317 and 1643?
31
What is the greatest common divisor of 12673 and 38?
19
What is the highest common divisor of 10101 and 274281?
777
What is the greatest common divisor of 17665 and 20?
5
Calculate the greatest common factor of 61 and 498431.
61
What is the greatest common divisor of 66 and 250239?
33
What is the greatest common divisor of 10421 and 342667?
613
What is the highest common divisor of 15444 and 21528?
468
Calculate the highest common factor of 173614 and 14.
14
What is the highest common factor of 4508 and 86044?
196
What is the highest common divisor of 2354 and 10486?
214
What is the highest common divisor of 504 and 14084?
28
What is the highest common factor of 177897 and 38?
19
What is the highest common factor of 1134445 and 650?
65
What is the highest common divisor of 108 and 39516?
12
What is the greatest common factor of 3832 and 152?
8
Calculate the highest common divisor of 29392 and 6336.
176
Calculate the greatest common factor of 160 and 4216.
8
Calculate the highest common factor of 446255 and 745.
745
What is the highest common factor of 120 and 9750?
30
Calculate the greatest common divisor of 45951 and 41976.
159
What is the highest common factor of 1388 and 254351?
347
What is the highest common factor of 2968 and 128?
8
What is the greatest common factor of 6020 and 1256374?
602
Calculate the highest common divisor of 99049 and 37.
37
Calculate the greatest common factor of 40502 and 789.
263
Calculate the greatest common divisor of 3300 and 67575.
75
What is the greatest common factor of 1368 and 4617?
171
Calculate the highest common divisor of 5824731 and 33.
33
What is the highest common factor of 1908 and 28832?
212
Calculate the greatest common divisor of 233 and 59.
1
What is the greatest common divisor of 1314002 and 916?
458
What is the highest common divisor of 10 and 7655?
5
Calculate the highest common factor of 6 and 9345.
3
What is the highest common divisor of 118 and 260898?
118
What is the highest common divisor of 58950 and 15982?
262
Calculate the greatest common factor of 4005 and 1440.
45
Calculate the greatest common divisor of 77 and 18623.
11
What is the greatest common factor of 480 and 4980?
60
What is the greatest common factor of 3900 and 200460?
780
Calculate the highest common divisor of 10 and 1565.
5
Calculate the highest common divisor of 420 and 3117420.
60
What is the greatest common factor of 1 and 39209?
1
What is the highest common divisor of 1385 and 745961?
277
Calculate the greatest common divisor of 160 and 136890.
10
Calculate the greatest common divisor of 59304 and 140.
28
Calculate the highest common divisor of 1258 and 125171.
629
Calculate the greatest common divisor of 99 and 1460700.
9
What is the highest common factor of 73315 and 143?
11
Calculate the highest common divisor of 9828 and 218764.
364
What is the highest common factor of 6322 and 1334?
58
Calculate the highest common divisor of 24 and 5064.
24
What is the greatest common factor of 20525 and 175?
25
What is the greatest common divisor of 180 and 854541?
9
Calculate the highest common divisor of 3006216 and 860.
172
What is the greatest common divisor of 33 and 50831?
11
What is the greatest common factor of 12521 and 59310?
659
What is the highest common divisor of 534768 and 208?
208
What is the greatest common divisor of 21 and 1211?
7
What is the greatest common factor of 296 and 9752?
8
Calculate the greatest common divisor of 147 and 133329.
147
Calculate the greatest common factor of 11061 and 18.
9
What is the highest common factor of 7 and 85197?
7
Calculate the highest common divisor of 23304744 and 12.
12
What is the greatest common factor of 1042 and 43?
1
What is the greatest common divisor of 7917 and 5460?
273
Calculate the highest common divisor of 6144 and 4944.
48
Calculate the highest common divisor of 8055 and 5.
5
What is the highest common divisor of 27722 and 4814?
166
What is the highest common divisor of 9520 and 6868?
68
What is the highest common factor of 10701 and 42543?
261
Calculate the greatest common divisor of 4224 and 24960.
384
What is the greatest common factor of 46 and 22402?
46
Calculate the greatest common divisor of 10 and 197555.
5
Calculate the highest common divisor of 3 and 379335.
3
What is the greatest common factor of 12369 and 532?
133
What is the highest common divisor of 16468 and 1564?
92
What is the highest common divisor of 627020 and 40?
20
What is the highest common divisor of 636840 and 87?
87
Calculate the highest common divisor of 92 and 259348.
92
Calculate the highest common factor of 825 and 16049.
11
What is the greatest common factor of 486 and 10?
2
Calculate the highest common divisor of 482 and 442.
2
What is the greatest common factor of 3198 and 276996?
246
Calculate the greatest common divisor of 589 and 961.
31
Calculate the highest common divisor of 15225 and 13440.
105
Calculate the highest common factor of 65 and 603733.
13
Calculate the highest common factor of 171616 and 16.
16
What is the highest common divisor of 79255 and 4585?
655
What is the highest common factor of 77202 and 54?
18
What is the highest common divisor of 6 and 1555401?
3
Calculate the greatest common divisor of 10137 and 2976.
93
Calculate the greatest common divisor of 29988 and 525.
21
What is the greatest common factor of 36056 and 128?
8
What is the greatest common factor of 273 and 91221?
39
Calculate the highest common divisor of 27 and 107631.
9
Calculate the highest common factor of 1430 and 29510.
130
What is the greatest common divisor of 8705 and 40?
5
What is the greatest common factor of 978564 and 12?
12
Calculate the greatest common divisor of 158 and 1229082.
158
Calculate the greatest common factor of 13428 and 72.
36
Calculate the highest common divisor of 48 and 30138.
6
Calculate the highest common divisor of 3522060 and 20.
20
Calculate the greatest common divisor of 2754 and 5184.
162
Calculate the highest common divisor of 140048 and 64.
16
What is the greatest common divisor of 4151 and 2093?
7
What is the highest common factor of 20705 and 410?
205
Calculate the greatest common factor of 33741 and 621.
207
What is the greatest common factor of 118 and 23187?
59
What is the greatest common divisor of 1616 and 8686?
202
Calc